f 683645903.
683645903
What are the prime factors of 1176524251?
7, 19, 59, 21419
List the prime factors of 359620704.
2, 3, 1021, 1223
What are the prime factors of 43372054?
2, 11, 71, 27767
List the prime factors of 369171186.
2, 3, 107, 575033
What are the prime factors of 56251405?
5, 7, 1607183
List the prime factors of 101301280.
2, 5, 633133
List the prime factors of 904328463.
3, 1523, 197927
List the prime factors of 1324228757.
1324228757
List the prime factors of 1121445.
3, 5, 13, 71
What are the prime factors of 1912489466?
2, 419, 2282207
List the prime factors of 23833956.
2, 3, 41, 193, 251
List the prime factors of 33184456.
2, 4148057
What are the prime factors of 73595791?
23, 89, 157, 229
List the prime factors of 132727934.
2, 59, 1124813
List the prime factors of 30994669.
67, 462607
List the prime factors of 2653365731.
431, 811, 7591
What are the prime factors of 3240546154?
2, 17, 95310181
List the prime factors of 279646788.
2, 3, 19, 23, 53327
List the prime factors of 23662705.
5, 11, 103, 4177
List the prime factors of 162316392.
2, 3, 7, 19, 211, 241
What are the prime factors of 57722810?
2, 5, 5772281
What are the prime factors of 2536552399?
2536552399
What are the prime factors of 1041692104?
2, 53, 79, 137, 227
What are the prime factors of 1197462670?
2, 5, 263, 455309
List the prime factors of 50373909.
3, 37, 151273
List the prime factors of 116199887.
23, 5052169
List the prime factors of 35490227.
61, 223, 2609
List the prime factors of 276561657.
3, 30729073
List the prime factors of 327633117.
3, 7, 97, 160841
What are the prime factors of 3611143606?
2, 7, 257938829
What are the prime factors of 399793528?
2, 49974191
What are the prime factors of 1852419725?
5, 13, 19, 31, 9677
What are the prime factors of 325544030?
2, 5, 7, 263, 17683
List the prime factors of 3282817198.
2, 17, 43, 2245429
List the prime factors of 594909318.
2, 3, 99151553
List the prime factors of 63013319.
63013319
What are the prime factors of 181829083?
71, 2560973
List the prime factors of 459897140.
2, 5, 22994857
List the prime factors of 1320178331.
71, 18594061
What are the prime factors of 20632004?
2, 5158001
What are the prime factors of 1419683219?
163, 8709713
List the prime factors of 163994589.
3, 11, 1117, 1483
What are the prime factors of 1332698026?
2, 11, 60577183
List the prime factors of 2795025294.
2, 3, 1423, 109121
List the prime factors of 16344123.
3, 17, 19, 101, 167
List the prime factors of 59806304.
2, 1868947
List the prime factors of 1959392576.
2, 127, 241067
List the prime factors of 63606199.
63606199
List the prime factors of 30521505.
3, 5, 7, 19, 15299
List the prime factors of 193277234.
2, 19, 23, 103, 113
What are the prime factors of 58071666?
2, 3, 9678611
List the prime factors of 1167422707.
11, 23, 31, 47, 3167
List the prime factors of 140879380.
2, 5, 7043969
List the prime factors of 32440305.
3, 5, 37, 58451
List the prime factors of 3652750382.
2, 23, 157, 505781
What are the prime factors of 37570046?
2, 43, 307, 1423
What are the prime factors of 1358661091?
1358661091
What are the prime factors of 79167288?
2, 3, 23, 143419
What are the prime factors of 22095992?
2, 2761999
What are the prime factors of 132640567?
71, 311, 6007
What are the prime factors of 102292959?
3, 751, 45403
What are the prime factors of 177983330?
2, 5, 7, 2542619
What are the prime factors of 115625577?
3, 23, 1675733
List the prime factors of 68919194.
2, 19, 743, 2441
What are the prime factors of 26780584?
2, 3347573
List the prime factors of 196252236.
2, 3, 71, 76781
What are the prime factors of 67158050?
2, 5, 1343161
List the prime factors of 31880734.
2, 157, 101531
What are the prime factors of 145709628?
2, 3, 43, 282383
List the prime factors of 199668095.
5, 11, 37, 59, 1663
List the prime factors of 42628677.
3, 7, 13, 22307
What are the prime factors of 2109484?
2, 13, 113, 359
List the prime factors of 94077337.
17, 23, 240607
List the prime factors of 527510038.
2, 11, 23977729
What are the prime factors of 61946741?
61946741
List the prime factors of 309206406.
2, 3, 631, 81671
List the prime factors of 428519850.
2, 3, 5, 11, 17, 15277
List the prime factors of 182923303.
373, 593, 827
List the prime factors of 165925379.
401, 413779
What are the prime factors of 36509714?
2, 18254857
What are the prime factors of 73061193?
3, 181, 197, 683
What are the prime factors of 742251372?
2, 3, 41, 97, 103, 151
List the prime factors of 62615068.
2, 15653767
What are the prime factors of 209958607?
19, 11050453
What are the prime factors of 3616920009?
3, 19, 31, 35911
List the prime factors of 177292621.
11, 16117511
List the prime factors of 13243569.
3, 1543, 2861
What are the prime factors of 285956181?
3, 7, 41, 149, 743
List the prime factors of 231601411.
6203, 37337
List the prime factors of 213053818.
2, 71, 1500379
List the prime factors of 137800842.
2, 3, 127, 193, 937
List the prime factors of 93138894.
2, 3, 29, 113, 1579
List the prime factors of 1090371563.
19, 57387977
What are the prime factors of 129009496?
2, 7, 11, 209431
List the prime factors of 24381621.
3, 11, 17, 439
List the prime factors of 73344566.
2, 36672283
List the prime factors of 843399352.
2, 105424919
What are the prime factors of 101598860?
2, 5, 11, 41983
What are the prime factors of 1707550?
2, 5, 13, 37, 71
What are the prime factors of 225758024?
2, 28219753
List the prime factors of 1709343205.
5, 37, 9239693
List the prime factors of 3554038089.
3, 7, 397, 142099
List the prime factors of 28001942.
2, 47, 297893
List the prime factors of 57995176.
2, 7249397
What are the prime factors of 191866414?
2, 23, 4171009
What are the prime factors of 16023216?
2, 3, 11, 30347
What are the prime factors of 164667990?
2, 3, 5, 601, 9133
What are the prime factors of 3723362228?
2, 151, 6164507
What are the prime factors of 97511460?
2, 3, 5, 101, 16091
What are the prime factors of 1011140422?
2, 47, 10756813
List the prime factors of 1212600485.
5, 242520097
List the prime factors of 31462549.
53, 593633
List the prime factors of 45601987.
45601987
List the prime factors of 135098590.
2, 5, 11, 53, 23173
What are the prime factors of 1056528320?
2, 5, 193, 17107
List the prime factors of 38075289.
3, 7, 29, 103, 607
List the prime factors of 1253860171.
1253860171
List the prime factors of 109232572.
2, 27308143
What are the prime factors of 1650685445?
5, 330137089
What are the prime factors of 3362578698?
2, 3, 787, 712109
List the prime factors of 286104917.
7, 17, 131, 18353
What are the prime factors of 1950617229?
3, 11, 59109613
List the prime factors of 142422031.
142422031
What are the prime factors of 21612766?
2, 7, 19, 31, 2621
List the prime factors of 231357910.
2, 5, 7, 472159
List the prime factors of 1307438698.
2, 21803, 29983
List the prime factors of 924533027.
11, 19, 4423603
What are the prime factors of 40076195?
5, 47, 170537
List the prime factors of 19033764.
2, 3, 1586147
List the prime factors of 102602167.
102602167
List the prime factors of 4308696487.
42611, 101117
What are the prime factors of 203719555?
5, 13, 3134147
List the prime factors of 65468635.
5, 13093727
List the prime factors of 2836404059.
2836404059
What are the prime factors of 123597993?
3, 1831, 22501
List the prime factors of 161005585.
5, 13, 911, 2719
List the prime factors of 29796864.
2, 3, 19, 1021
What are the prime factors of 1664990699?
977, 1704187
List the prime factors of 476874573.
3, 7, 79, 223, 1289
List the prime factors of 2031388947.
3, 7, 863, 37363
List the prime factors of 2311784669.
31, 59, 1263961
List the prime factors of 5945462594.
2, 373, 617, 12917
List the prime factors of 709044532.
2, 7, 347, 72977
What are the prime factors of 234829676?
2, 37, 59, 26893
What are the prime factors of 1895186795?
5, 251, 1510109
What are the prime factors of 127701244?
2, 11, 23, 257, 491
List the prime factors of 5359164.
2, 3, 446597
List the prime factors of 16595310.
2, 3, 5, 101, 5477
What are the prime factors of 214857523?
173, 1241951
List the prime factors of 75526733.
17, 23, 193163
List the prime factors of 2819549329.
173, 16297973
List the prime factors of 108159664.
2